{"id":39,"date":"2026-02-03T07:19:12","date_gmt":"2026-02-03T07:19:12","guid":{"rendered":"https:\/\/brech-citoyenne.bzh\/?page_id=39"},"modified":"2026-03-19T18:03:38","modified_gmt":"2026-03-19T18:03:38","slug":"accueil","status":"publish","type":"page","link":"https:\/\/brech-citoyenne.bzh\/","title":{"rendered":""},"content":{"rendered":"\n<figure class=\"wp-block-image aligncenter size-large is-resized\"><img loading=\"lazy\" decoding=\"async\" width=\"1024\" height=\"765\" src=\"https:\/\/brech-citoyenne.bzh\/wp-content\/uploads\/2026\/03\/Capture-decran-2026-03-13-a-22.35.18-1024x765.png\" alt=\"\" class=\"wp-image-182\" style=\"aspect-ratio:1.3385722057667895;width:594px;height:auto\" srcset=\"https:\/\/brech-citoyenne.bzh\/wp-content\/uploads\/2026\/03\/Capture-decran-2026-03-13-a-22.35.18-1024x765.png 1024w, https:\/\/brech-citoyenne.bzh\/wp-content\/uploads\/2026\/03\/Capture-decran-2026-03-13-a-22.35.18-300x224.png 300w, https:\/\/brech-citoyenne.bzh\/wp-content\/uploads\/2026\/03\/Capture-decran-2026-03-13-a-22.35.18-768x574.png 768w, https:\/\/brech-citoyenne.bzh\/wp-content\/uploads\/2026\/03\/Capture-decran-2026-03-13-a-22.35.18-1536x1147.png 1536w, https:\/\/brech-citoyenne.bzh\/wp-content\/uploads\/2026\/03\/Capture-decran-2026-03-13-a-22.35.18.png 1730w\" sizes=\"auto, (max-width: 1024px) 100vw, 1024px\" \/><\/figure>\n\n\n\n<div class=\"wp-block-stackable-heading aligncenter stk-block-heading stk-block-heading--v2 stk-block stk-f81f432\" id=\"strong-message-de-la-liste-brech-citoyenne-cultivons-les-liens-strong-br-strong-a-lissue-de-lelection-du-15-mars-strong\" data-block-id=\"f81f432\"><h2 class=\"stk-block-heading__text has-text-align-center\"><strong>Message de la liste \u201cBrec\u2019h citoyenne, cultivons les liens\u201d <\/strong><br><strong>\u00e0 l\u2019issue de l\u2019\u00e9lection du 15 mars<\/strong><\/h2><\/div>\n\n\n\n<p>\u00c0 l\u2019issue des nombreux mois de travail et d\u2019engagement autour du projet que nous avons construit avec et pour les Brechois, nous prenons acte du r\u00e9sultat du scrutin du 15 mars 2026. Nous adressons nos f\u00e9licitations r\u00e9publicaines \u00e0 la liste du maire sortant \u00ab Vivre Brec\u2019h ensemble \u00bb arriv\u00e9e en t\u00eate.<\/p>\n\n\n\n<p><strong>Nous remercions sinc\u00e8rement les 1052 Brechoises et Brechois qui nous ont accord\u00e9 leur confiance et ont soutenu notre projet pour Brec\u2019h. Ce vote nous engage pleinement. Les 4 \u00e9lus de notre liste qui si\u00e9geront au conseil municipal porteront votre voix avec d\u00e9termination tout au long du mandat.<\/strong><br>Durant cette campagne, vous avez \u00e9t\u00e9 nombreux \u00e0 partager vos attentes, vos id\u00e9es et vos pr\u00e9occupations pour la commune. Nous nous engageons \u00e0 les d\u00e9fendre avec s\u00e9rieux et constance, en commission comme en conseil municipal.<\/p>\n\n\n\n<p>Nous tenons n\u00e9anmoins \u00e0 souligner qu\u2019avec 35,31 % d\u2019abstention, ce sont plus d\u2019un tiers des \u00e9lecteurs \u2013 soit 2046 Brechois sur 5794 inscrits \u2013 qui ne se sont pas exprim\u00e9s. Au regard de la vie d\u00e9mocratique de notre commune, nous ne pouvons collectivement nous satisfaire de cette situation.<\/p>\n\n\n\n<p>Le collectif citoyen qui s\u2019est form\u00e9 \u00e0 l\u2019occasion de ces \u00e9lections va continuer de se r\u00e9unir et travailler pour faire vivre le d\u00e9bat d\u00e9mocratique au sein de la commune et accompagner l&rsquo;action des conseillers municipaux issus de la liste. Nous invitons les Brechois qui souhaitent y participer \u00e0 nous rejoindre, en nous contactant sur <a href=\"mailto:collectifbrech2026@gmail.com\">collectifbrech2026@gmail.com<\/a><\/p>\n\n\n\n<p>Notre ambition reste intacte&nbsp;: continuer \u00e0 \u0153uvrer pour une commune vivante et participative, qui associe les Brechois aux d\u00e9cisions et qui r\u00e9ponde aux besoins du quotidien tout en pr\u00e9parant l\u2019avenir.<\/p>\n\n\n\n<p>\ud83d\ude4f Merci pour votre confiance. Continuons \u00e0 cultiver les liens.<\/p>\n\n\n\n<p><\/p>\n","protected":false},"excerpt":{"rendered":"<p>Message de la liste \u201cBrec\u2019h citoyenne, cultivons les liens\u201d \u00e0 l\u2019issue de l\u2019\u00e9lection du 15 mars \u00c0 l\u2019issue des nombreux [&hellip;]<\/p>\n","protected":false},"author":1,"featured_media":0,"parent":0,"menu_order":0,"comment_status":"closed","ping_status":"closed","template":"","meta":{"_uag_custom_page_level_css":"","site-sidebar-layout":"default","site-content-layout":"","ast-site-content-layout":"default","site-content-style":"default","site-sidebar-style":"default","ast-global-header-display":"","ast-banner-title-visibility":"","ast-main-header-display":"","ast-hfb-above-header-display":"","ast-hfb-below-header-display":"","ast-hfb-mobile-header-display":"","site-post-title":"disabled","ast-breadcrumbs-content":"","ast-featured-img":"","footer-sml-layout":"","ast-disable-related-posts":"","theme-transparent-header-meta":"","adv-header-id-meta":"","stick-header-meta":"","header-above-stick-meta":"","header-main-stick-meta":"","header-below-stick-meta":"","astra-migrate-meta-layouts":"default","ast-page-background-enabled":"default","ast-page-background-meta":{"desktop":{"background-color":"var(--ast-global-color-5)","background-image":"","background-repeat":"repeat","background-position":"center center","background-size":"auto","background-attachment":"scroll","background-type":"","background-media":"","overlay-type":"","overlay-color":"","overlay-opacity":"","overlay-gradient":""},"tablet":{"background-color":"","background-image":"","background-repeat":"repeat","background-position":"center center","background-size":"auto","background-attachment":"scroll","background-type":"","background-media":"","overlay-type":"","overlay-color":"","overlay-opacity":"","overlay-gradient":""},"mobile":{"background-color":"","background-image":"","background-repeat":"repeat","background-position":"center center","background-size":"auto","background-attachment":"scroll","background-type":"","background-media":"","overlay-type":"","overlay-color":"","overlay-opacity":"","overlay-gradient":""}},"ast-content-background-meta":{"desktop":{"background-color":"var(--ast-global-color-4)","background-image":"","background-repeat":"repeat","background-position":"center center","background-size":"auto","background-attachment":"scroll","background-type":"","background-media":"","overlay-type":"","overlay-color":"","overlay-opacity":"","overlay-gradient":""},"tablet":{"background-color":"var(--ast-global-color-4)","background-image":"","background-repeat":"repeat","background-position":"center center","background-size":"auto","background-attachment":"scroll","background-type":"","background-media":"","overlay-type":"","overlay-color":"","overlay-opacity":"","overlay-gradient":""},"mobile":{"background-color":"var(--ast-global-color-4)","background-image":"","background-repeat":"repeat","background-position":"center center","background-size":"auto","background-attachment":"scroll","background-type":"","background-media":"","overlay-type":"","overlay-color":"","overlay-opacity":"","overlay-gradient":""}},"footnotes":""},"class_list":["post-39","page","type-page","status-publish","hentry"],"uagb_featured_image_src":{"full":false,"thumbnail":false,"medium":false,"medium_large":false,"large":false,"1536x1536":false,"2048x2048":false},"uagb_author_info":{"display_name":"admin9335","author_link":"https:\/\/brech-citoyenne.bzh\/index.php\/author\/admin9335\/"},"uagb_comment_info":0,"uagb_excerpt":"Message de la liste \u201cBrec\u2019h citoyenne, cultivons les liens\u201d \u00e0 l\u2019issue de l\u2019\u00e9lection du 15 mars \u00c0 l\u2019issue des nombreux [&hellip;]","_links":{"self":[{"href":"https:\/\/brech-citoyenne.bzh\/index.php\/wp-json\/wp\/v2\/pages\/39","targetHints":{"allow":["GET"]}}],"collection":[{"href":"https:\/\/brech-citoyenne.bzh\/index.php\/wp-json\/wp\/v2\/pages"}],"about":[{"href":"https:\/\/brech-citoyenne.bzh\/index.php\/wp-json\/wp\/v2\/types\/page"}],"author":[{"embeddable":true,"href":"https:\/\/brech-citoyenne.bzh\/index.php\/wp-json\/wp\/v2\/users\/1"}],"replies":[{"embeddable":true,"href":"https:\/\/brech-citoyenne.bzh\/index.php\/wp-json\/wp\/v2\/comments?post=39"}],"version-history":[{"count":12,"href":"https:\/\/brech-citoyenne.bzh\/index.php\/wp-json\/wp\/v2\/pages\/39\/revisions"}],"predecessor-version":[{"id":195,"href":"https:\/\/brech-citoyenne.bzh\/index.php\/wp-json\/wp\/v2\/pages\/39\/revisions\/195"}],"wp:attachment":[{"href":"https:\/\/brech-citoyenne.bzh\/index.php\/wp-json\/wp\/v2\/media?parent=39"}],"curies":[{"name":"wp","href":"https:\/\/api.w.org\/{rel}","templated":true}]}}